ite?
True
Let d(m) be the first derivative of 2108*m**2 + 23*m + 5. Is d(3) a composite number?
False
Let r = -54 + 50. Let i(w) = -9*w**3 - w**2 - 2*w - 3. Let f be i(r). Let a = 896 - f. Is a prime?
True
Let d(l) = 4*l - 3. Let w be d(3). Let c(k) = -5*k**2 - 23*k - 11. Let o(n) = 4*n**2 + 22*n + 11. Let y(u) = 5*c(u) + 6*o(u). Is y(w) a prime number?
True
Let j(l) = -52905*l - 4214. Is j(-21) a prime number?
False
Suppose -67*z + 3594904 = -16404414 + 3787529. Is z a prime number?
False
Let x be (-1 - (-34)/26)/(4/26). Suppose 5*u - 22744 = -2*c + 2*u, -x*c + 22730 = -4*u. Is c a composite number?
False
Let n = -26 + 34. Suppose -3*s + 20 = -2*p + 2*s, 5*p + 2*s - n = 0. Suppose p = 5*i - 5*j - 2905, 0 = i - 3*i + 4*j + 1152. Is i a composite number?
True
Let h(j) = 1170*j - 7. Let n = -56 + 51. Let o(r) = 3*r**3 + 16*r**2 + 6*r + 6. Let d be o(n). Is h(d) prime?
True
Suppose 4*p + 0*p - 557145 = -3*o, 0 = -4*p + 12. Is o a prime number?
True
Let u(b) = 33*b**2 + 3*b - 35. Let c be u(-8). Let d = -611 + c. Suppose 0 = 2*j - 2*a - 724, 4*j - 2*a + 0*a - d = 0. Is j a prime number?
True
Let z be 33/5 + 15/(-25). Let x be (-18)/(-3)*2824/z. Suppose -6*n + x = 2*n. Is n composite?
False
Suppose 10 = -d - 2*q, d - 2*q = -d + 10. Suppose d = 4*u - 2*u - 10. Suppose -u*p + 6421 = -1074. Is p a composite number?
False
Suppose 3*h + 308 + 2950 = 0. Suppose 32*n - 1057 + 3948 = 25*n. Let x = n - h. Is x a composite number?
False
Suppose 18*q = 14*q + 15252. Let b = -2270 + q. Is b composite?
False
Let w(j) = -4*j - 134. Let m be w(-34). Suppose m*i - 5*g = 154638, 22*g = 2*i + 26*g - 154674. Is i prime?
False
Suppose 2*q + 4*m + 23 = 7, 0 = -3*m - 15. Suppose -4*w + 24472 = -q*y, w = 2*y - 1584 + 7699. Is w a composite number?
True
Let n(v) = -v**3 - 6*v**2 - 12*v + 5. Let w(k) = 4*k**3 + 17*k**2 + 37*k - 14. Let c(i) = -7*n(i) - 2*w(i). Let p be c(9). Is ((-24)/48)/(p/(-5884)) composite?
False
Let u = 130 - 97. Suppose -10*o = -17 - u. Suppose r - 4*j = 4*r - 8225, -o*r + j + 13739 = 0. Is r composite?
True
Suppose -34*x + 2038177 = 591239. Is x a composite number?
False
Let y(g) = -2506*g**3 + 8*g**2 - 8*g - 193. Is y(-6) prime?
True
Suppose 4*j + 2*v - 6 = 0, -2*v + 0*v = -3*j + 15. Suppose -s = 3*h - 43254, -2*s = j*h - 62997 + 19746. Is h a prime number?
True
Suppose 7*w = 2*w + 10. Suppose -w*p + 7 + 9 = 0. Suppose -5*j + p*j = 1542. Is j a prime number?
False
Suppose -472*d = -478*d + 194946. Is d a prime number?
True
Let x(q) = -9*q + 13. Let h(k) = 3*k - 4. Let f(a) = 17*h(a) + 6*x(a). Let l be f(0). Is (1 + 2 - 1)*1535/l prime?
True
Let w be (2 + (-4 - -4))*65. Suppose w = 4*y + y. Suppose -y = x - 2137. Is x prime?
True
Let w(q) = -36*q - 125. Suppose -f = 13*f + 224. Is w(f) prime?
False
Suppose -4*m + 112 = 4*x - 4, -x + 5*m + 35 = 0. Let k be 8/((x/(-5))/(-3)). Suppose 0 = -20*f + k*f + 8848. Is f a prime number?
False
Is 269948/5 + (-26 - 635/(-25)) a prime number?
False
Let p(s) = s**3 + 60*s**2 - 1188*s + 136. Is p(-75) prime?
True
Let p(g) = -7*g - 1. Let s be p(14). Let r = s - -107. Let t(l) = 21*l**2 + 11*l - 33. Is t(r) prime?
True
Let w(q) = -4*q**3 - 23*q**2 + 171*q + 1767. Is w(-61) composite?
False
Suppose 4*u - 1189362 = -2*c + 1116872, -4*c = 2*u - 4612426. Is c prime?
False
Let t = 304 - 605. Let y = t + 428. Is y a composite number?
False
Suppose 9 = -g + 4. Let o(j) = -74*j**3 - 7*j**2 - 6*j - 8. Is o(g) a composite number?
True
Suppose 5*z - 4*t - 106863 = 0, -72522 + 8449 = -3*z - 4*t. Is z prime?
False
Let r be 37 - (14/(-35) + (-2)/(-5)). Suppose 46*s - 19449 = r*s. Is s prime?
True
Is 3734229/15 - (-792)/(-495) prime?
False
Let u be 1*47 - (-1)/(6/(-18)). Let z be (u/(-2))/(2/(-9)*3). Is (z - 0) + (0 - 1) + -1 a prime number?
True
Let i = 98 + -90. Let c(h) = -18*h**2 - i*h**2 + 16*h + 25*h**2 + 14. Is c(13) composite?
False
Let d(o) = 6895*o + 2433. Is d(14) a composite number?
False
Let c = 778 - -2143. Is c a composite number?
True
Let w be (-152566)/(-14) - 39/(-91). Is 14/28*3/(3/w) prime?
True
Let t(r) = r**3 + 5*r**2 - 13364. Let i(c) = c**2 - 1. Let s(b) = 6*i(b) - t(b). Is s(0) prime?
False
Let f be 244961 + -8 + 6 - -8. Suppose 36*r = 55*r - f. Is r a prime number?
True
Suppose -3*s - 4*y - 20 = 0, 0 = -2*s + 6*s + 3*y + 15. Suppose 13*i - 10*i = s. Suppose i = -q - 2*q + 2217. Is q a prime number?
True
Suppose 0 = -5*w + 23*k - 22*k + 14573, 4*k + 12 = 0. Let o = 5095 - w. Is o prime?
False
Let c = 26 - 10. Is (-4)/c*-2*17774 prime?
True
Let x(f) = -7*f - 27. Let c be x(-15). Suppose -2*w - 178 - c = 0. Let a = 499 + w. Is a a composite number?
True
Let t be 4 + (-12175)/10 + (-9)/6. Is -10*7/(-35) - (t - 0) composite?
False
Let r be 7/(70/(-125))*18/1. Let o be r/(-1)*(-18)/(-15). Suppose o - 1776 = -6*q. Is q a prime number?
True
Let k be (-6)/(-33) - 595/(-55) - -3. Suppose -k*l + 44069 + 20961 = 0. Is l composite?
True
Suppose -1010*u + 371435 + 696511 = -944*u. Is u a composite number?
True
Let i be 814/44 + (-1)/2. Let c = -5 + i. Is 155/10*c*2 prime?
False
Suppose -2*w = 4*i - 78, 4*w - 2*i + 179 = 9*w. Suppose -12 = w*s - 31*s. Let x(q) = -572*q + 7. Is x(s) composite?
False
Let b(h) = -42*h**3 - 7*h**2 + h + 1. Let g be (24/8)/((-3)/(-14)). Suppose -g*d = 30 + 26. Is b(d) prime?
False
Let s(g) = 2*g**2 + 0*g**2 + 2 - 3*g**2 - 7*g + 5*g**2. Let n be s(2). Suppose 0 = n*w - 114 - 2218. Is w a prime number?
False
Suppose -3*k + 5*j - 9*j - 1 = 0, j = -4. Suppose 3204 = f - 5*g + 355, 5*g - 14185 = -k*f. Is f composite?
True
Suppose -21*w + 17355996 = 6038764 - 4270753. Is w composite?
True
Suppose -569202 = -6*b - 4*t, -3*b + 3*t = 4*t - 284598. Is b a prime number?
False
Let o = 900478 - 641455. Is o prime?
False
Suppose -4*a + 5*w = -28, -2*a - w = -2*w - 8. Suppose -a*y = -t - 2, -3*y - 10 = 5*t - y. Is 12/24*(t + 0) - -110 a prime number?
True
Let z(d) = -11*d**2 + 746*d - 35. Is z(64) prime?
False
Suppose -2*q + 3*l - 12 = 0, -3*q + 3*l = 4*l - 4. Suppose -7*h + 21 = -0. Suppose -h*y = -q*y - 138. Is y a prime number?
False
Suppose -r + 152 + 829 = 0. Suppose 0 = h + 2*d - 293, 2*d + r + 448 = 5*h. Is h composite?
True
Let w(f) = -3508*f**2 + 48*f + 10. Let i be w(-4). Let z = -39217 - i. Is z prime?
True
Suppose o - 5*h + 20 = 0, 3*o + 2*o + 2*h = 8. Suppose o = 145*t - 146*t + 2521. Is t prime?
True
Let g(c) = 29*c + 0 - 5 - c**3 - 30*c - 10*c**2. Let d be g(-10). Suppose -d*o = 0, 3*o + 2516 - 90 = 2*z. Is z prime?
True
Suppose 25*v - 22*v - 21 = 0. Suppose v*g + 47691 = 214382. Is g composite?
False
Suppose 4*o + 13 = -3*p + 9*o, 4*o = 20. Suppose -15 = 5*v, 3*v + 2121 = -p*y + 9076. Is y a prime number?
True
Let h = 186 + -188. Is (-2)/(-4)*(9741 + -1 - h) a prime number?
True
Let r be -5 + (-1)/(6/(-334566)). Is (70/(-10))/(-21) - r/(-6) a composite number?
False
Suppose 22*c - 6*c = -96. Let r be ((-558)/24 - c)*(-92 - 0). Suppose 3*x = 4*l + 4763, -x + 2*l + r = -0*x. Is x a prime number?
False
Suppose 742234 = 3*b + 237007. Is b prime?
True
Suppose 7 = 5*a - 2*c, 0 = 3*a + 2*c - 0*c - 17. Suppose -2732 = -0*f + f + 4*p, -a*f + 3*p = 8181. Is (f + 1)/(-3) - 2 prime?
True
Suppose a - 84 = -0*a. Let l = a - -103. Let c = 120 + l. Is c a prime number?
True
Is (-11976)/(-10) - 350/(-875) a prime number?
False
Suppose 12*k + 3*v - 3962284 = -1196554, -k = -4*v - 230503. Is k a prime number?
True
Suppose 3*l + 14 - 26 = 0. Suppose -5*t = 7*f - 3*f - 2947, 0 = -l*t - 5*f + 2363. Is t composite?
False
Let q(x) = -x**3 + 26*x**2 - 46*x - 53. Let r be q(24). Let a(o) = -13*o**3 - 5*o**2 + o + 22. Is a(r) composite?
True
Is (1868244/27)/2 + 2/(-18) a prime number?
False
Suppose 103*d - 1086 = 109*d. Let o = 339 + d. Is o prime?
False
Let o(d) = 2820*d - 10237. Is o(135) a prime number?
True
Let d(b) = 174*b - 883 + 43*b + 833. Is d(9) prime?
False
Let s(p) = -1440*p + 4109. Is s(-14) a composite number?
True
Suppose -21*o - 21*o + 8085210 = 0. Is o a prime number?
False
Let n(i) = 14*i - 93*i**3 - 37 + 94*i**3 + 23*i**2 - 34*i. Is n(-22) a prime number?
True
Let o = 89928 - -52939. Is o composite?
False
Let g(a) = a**2 - 5*a - 11. Let j be g(6). Let r(h) = -160*h - 13. Let p(k) = 160*k + 13. Let w(y) = j*r(y) - 6*p(y). Is w(-5) a composite number?
False
Let l(n) = -390*n**3 + n**2 - 2*n - 2.